ivisor of 36 and l?
4
Suppose -2*h = -0*h + 4*g - 48, 20 = 5*g. Let s be (2 + -1)/(2/(-2)). Let w be (s + 3/9)*-3. What is the highest common factor of w and h?
2
Let f = -392 + 171. Let n be (-1*2)/(13/f). What is the highest common factor of 17 and n?
17
Suppose 5*s - 46 = -4*x + 5*x, 2*s - 10 = 0. Let v be (8/(-3))/(1/x). Calculate the highest common divisor of 140 and v.
28
Let o be 204/10 - (16/10)/4. Calculate the greatest common factor of o and 10.
10
Suppose -2*w + 168 = 5*f + 128, 5*w = -3*f + 138. Calculate the highest common divisor of 540 and w.
30
Let b be -7 + 4*3/(-24)*-2900. What is the highest common divisor of b and 111?
111
Let q be ((-85)/8 - 1)*-8. Calculate the highest common divisor of 248 and q.
31
Suppose 0 = -17*o + 1043 + 2170. Calculate the highest common factor of 21 and o.
21
Let t = 1425 + -1245. Calculate the highest common divisor of 108 and t.
36
Let v(m) = -m**3 - 51. Suppose 0*i + 10 = -5*i, 0 = -3*c - 5*i - 10. Let w be v(c). Let p = 72 + w. Calculate the greatest common factor of 189 and p.
21
Let w = -1091 + 2035. Calculate the highest common divisor of w and 80.
16
Let r be (29/2)/(2/4). Let s be (-1 + r)*36/14. Calculate the highest common divisor of 8 and s.
8
Let g be 3273/(-2182)*-440*(-2)/(-6). What is the greatest common factor of g and 380?
20
Let y = -103 - -144. Let u be y - (-4 - (-1 - 0)). What is the highest common divisor of 4 and u?
4
Let m = 1 - -12. Let f = -11 + m. Let q be (34/(-2))/(f/(-4)). Calculate the highest common factor of 51 and q.
17
Let z(d) = 41*d + 677. Let x be z(-15). What is the highest common factor of 1922 and x?
62
Let g(l) = 14*l - 25. Let d be g(2). Suppose -120 = -2*z + 2*m + 2*m, -2*z - d*m + 106 = 0. What is the highest common divisor of z and 24?
8
Let u be 6/((-24)/(-10))*46. Suppose 3*p = 145 - u. What is the highest common divisor of 170 and p?
10
Let o = 226 + 798. Suppose -5*g = 214 - o. Suppose -6*q + 3*q = -g. What is the highest common factor of 18 and q?
18
Suppose -3*u - z + 7 = 0, -12 = -2*u - 3*z - 5. Let i = 8 + 2. Calculate the greatest common factor of u and i.
2
Let n be (2 - (4 - 2))/(-1). Suppose n = -5*q - 3*a + 33 - 6, q - 4*a = -13. Let x be (6 - -15)*(5 - (0 + 4)). Calculate the highest common divisor of q and x.
3
Let c(v) = v**3 - 4*v**2 + 5*v - 4. Let q be c(3). Let h be -3 + (1 - -2) - -2. What is the highest common divisor of h and q?
2
Let p = -408 - -1097. What is the highest common divisor of p and 53?
53
Let m(a) = -a + 26. Let r be m(10). Let c = -2 + r. What is the highest common factor of 112 and c?
14
Let x be 2 - 6/(18/(-15)). Suppose -41 = -6*u + x. What is the greatest common factor of u and 72?
8
Let s be -10*(63/54)/((-2)/6). Calculate the greatest common divisor of s and 14.
7
Let z(o) = -o**3 + 7*o**2 + 2*o - 3. Suppose 28 = 8*q - 28. Let v be z(q). What is the highest common factor of 44 and v?
11
Let z = 114 + 12. Let x(q) = 133*q**2 + 1994*q - 1. Let y be x(-15). Calculate the highest common divisor of z and y.
14
Suppose 3*v - 5*x = 53, 4*v = -2*x - 34 + 96. Calculate the highest common factor of 24 and v.
8
Let f = 82 - 175. Let g = f - -137. Let l be ((-132)/(-18))/(6/9). Calculate the highest common divisor of g and l.
11
Let h(k) = -3*k + 54. Let y be h(18). Let z be (y - -3)*(-84)/(-9). What is the greatest common factor of 7 and z?
7
Let y(n) = n**2 + 2*n. Let q be y(-1). Let m be (2 + q)/(2/48). Let x = 705 + -697. What is the greatest common factor of m and x?
8
Let l(s) = -8*s + 2. Let n be l(3). Suppose 17*p = 19*p - 12. Let j be n/3*(-9)/p. What is the highest common divisor of j and 33?
11
Suppose -z = 3*f + 7 - 6, -3*z = -3*f - 45. What is the highest common divisor of 77 and z?
11
Let i(g) = -10*g - 17. Let j be i(-6). Calculate the highest common divisor of j and 43.
43
Suppose 0 = 3*t - 6*t - 5*v + 233, 2*t = -5*v + 152. Calculate the highest common divisor of 18 and t.
9
Suppose -56*q + 71*q = 1035. Calculate the greatest common factor of q and 483.
69
Suppose i + b - 1 + 3 = 0, b = 0. Let s be (1 + -3)/i - -13. Let w(x) = x**3 - 4*x**2 + 2*x + 7. Let v be w(5). Calculate the greatest common factor of v and s.
14
Suppose q - 3*c + 92 = 3*q, 3*q - 136 = -4*c. Let t = -336 + 346. What is the greatest common factor of q and t?
10
Let s = -21 - -29. Suppose c - x + 6*x = 32, -c - 4*x = -33. Let a = 101 - c. Calculate the highest common factor of s and a.
8
Let w(t) = 32*t. Let a be w(4). Calculate the greatest common divisor of a and 448.
64
Let i be (-24)/(-16) + (-6)/(-4). Suppose -5*b = 3*p - p, -i*b = -2*p. Suppose p*m = -2*m + 6. What is the greatest common factor of m and 12?
3
Suppose -a = a - 2*c + 18, -3*c = -a - 11. Let z be (-38)/a + 9/(-12). Calculate the highest common factor of 4 and z.
4
Let h = 28 - 28. Suppose v - 64 + 10 = h. Suppose -m + 5*b + 6 = -0*m, 3*m - 18 = -2*b. Calculate the greatest common factor of m and v.
6
Let c(f) = -2*f**3 + 5*f**2 + 9*f + 9. Let u be c(-5). Let g be (-52)/39*u/(-2). Suppose 2*s - 38 - g = 0. What is the greatest common divisor of s and 12?
12
Let a = -19 + 32. Suppose -4*k - x + 571 = 0, 6*k + 3*x + 432 = 9*k. What is the greatest common factor of a and k?
13
Let f = -3 - -6. Suppose -8*p + 105 = -f*p. What is the highest common factor of p and 42?
21
Let n = -7 + 27. Let x(c) = -c**2 - 11*c - 1. Let j be x(-11). Let d(o) = -5*o**3 - o**2 + 1. Let v be d(j). Calculate the highest common factor of n and v.
5
Let b = 19 - 11. Let m(f) = f**2 - 8*f. Let k be m(b). Suppose k = 5*u - 164 + 64. Calculate the greatest common factor of 100 and u.
20
Let x be (-23 - -3)*111/(-4). Calculate the greatest common divisor of 15 and x.
15
Let c(z) = -3*z. Let b be c(-4). Let l(n) = -n**3 + 5*n**2 + 3*n - 12. Let m be l(5). Suppose -m*w + 25 = -29. What is the highest common divisor of b and w?
6
Let i(l) = -9*l - 1. Suppose -b - 2 = -0*b. Let m be i(b). Calculate the greatest common divisor of m and 17.
17
Let m(z) = -2*z - 17. Let s(o) = o**3 + 20*o**2 + 20*o + 5. Let r be s(-19). Let v be m(r). What is the highest common divisor of 11 and v?
11
Let y be ((-98)/1)/((-4)/2). Let l be y/7 + 3/1. Suppose 39 = 3*j - 21. Calculate the highest common divisor of j and l.
10
Let i = -102 - -153. What is the greatest common divisor of i and 85?
17
Let l = -110 - -128. Suppose -x - 5 = j, -19 - 12 = 3*x - j. Let z = l + x. What is the highest common factor of z and 72?
9
Let k be 3*(-2)/(-36) - 329/(-6). Let q = k + -49. What is the highest common factor of q and 48?
6
Suppose z - 21 = -33. Let c be (21/z)/((-2)/112). What is the greatest common divisor of c and 42?
14
Let t(z) = 63*z**3 + 9*z**2 - 13*z + 4. Let b be t(1). Let q(h) = 2*h - 5. Let x be q(7). What is the greatest common factor of b and x?
9
Let n = -271 - -298. Calculate the highest common divisor of n and 171.
9
Suppose 0 = 3*h + 4*b - 314, 5*h = -7*b + 8*b + 554. What is the greatest common factor of h and 20?
10
Let y be 3/(-3 - (3 - 5)). Let d be 83/9 - (y + 116/36). Calculate the highest common divisor of d and 63.
9
Let i(f) = -f**2 - 3*f - 6. Let l be i(0). Let z be ((-2)/(-6))/(l/(-630)). What is the highest common factor of z and 21?
7
Let k = 155 + -115. Let w be (-6)/33 + 96/44. What is the greatest common divisor of w and k?
2
Let y(f) = -f**2 - 21*f - 53. Let v be y(-16). Calculate the highest common divisor of 9 and v.
9
Let l(j) = 5*j**2 + 98*j. Let p be l(-20). Let r = 70 + -40. What is the highest common factor of r and p?
10
Suppose -i - 3*i - 460 = -4*s, i = 5. What is the greatest common factor of 24 and s?
24
Suppose 9*l - 60 + 24 = 0. Calculate the greatest common divisor of 92 and l.
4
Suppose -4*w + 50 = 22. Let k be ((-780)/18)/((-4)/6). Suppose 4*a - 4 = 0, 5*i - 5*a - k = -0*i. What is the greatest common factor of w and i?
7
Suppose p = 4*p - w - 1013, 1369 = 4*p - 5*w. Calculate the greatest common divisor of 42 and p.
42
Let x be (-72)/40*(-20)/6. Suppose x*a + 3 = 15. Let v(k) = k - 2. Let u be v(6). What is the greatest common divisor of u and a?
2
Let z = 13 - -5. Let c be (-1052)/263 + (-1)/((-1)/6). Calculate the greatest common divisor of z and c.
2
Let i be (-16 - 5)/(3/(-2)). Let b be (-63)/i*40/(-6). Calculate the highest common factor of 10 and b.
10
Let o(y) = 3*y**